ose 0 = -2*u - 3*v - 0*v + 15, -2*v + 21 = 5*u. Let o(n) = -u*n**2 + 50*n**3 + 44*n**3 - 93*n**3 + 9 + 3*n - n + 10*n**2. Determine o(-7).
-5
Let p be 1/(12 + (-275)/23). Let o(r) = -r**2 + 22*r + 16. Determine o(p).
-7
Let c(u) = 9*u**3 - 29*u**2 + 16*u + 249. Let n(o) = 2*o**3 - o**2 - o + 67. Let g(y) = -c(y) + 5*n(y). What is g(-25)?
-14
Let t(h) = -48*h - 140. Let z be t(-3). Let l(y) = 8*y + 14. Let m(r) = 7*r + 18. Let x(a) = z*l(a) - 3*m(a). What is x(-2)?
-20
Let n(z) = 7*z**3 + 35*z**2 - 27*z + 4. Let l(a) = 5*a**3 + 29*a**2 - 28*a + 5. Let u(h) = 4*l(h) - 3*n(h). Calculate u(6).
2
Let j(w) = w**2 - w + 6. Suppose b + 122 = -2*l, l = 4*b - 8*b - 502. Let r = 131 + b. Determine j(r).
26
Let u(x) = 332 + 0*x - 149 - 173 - x. Calculate u(4).
6
Let c(q) = -2*q**3 - 16*q**2 - 57*q + 66. Let k(f) = f**3 + 7*f**2 + 28*f - 37. Let t(b) = 6*c(b) + 11*k(b). What is t(-17)?
-11
Suppose -9 = -4*t + 11. Let z be t + (2 + -3)/1. Let p(l) = 26*l**2 - 25*l - 8. Let a(y) = 62*y**2 - 59*y - 20. Let n(k) = -5*a(k) + 12*p(k). Give n(z).
16
Let a(n) be the first derivative of 6*n**3 - 307*n**2/2 + 22*n - 851. Calculate a(17).
5
Let u(b) = 3*b - 3*b - 3 + b. Suppose 350 + 142 = 4*m. Suppose 0 = -119*i + m*i. Calculate u(i).
-3
Let g(j) = 5*j**2 - 56*j - 45. Let f be g(12). Let o(v) = 8*v**2 - 3*v + 3. Calculate o(f).
66
Let b(h) be the second derivative of -h**4/4 + 5*h**3/2 - 5*h**2 + 862*h. Determine b(4).
2
Let m(a) = 62 - 330223*a + 330244*a - 2*a**2 + 3*a**2. Calculate m(-19).
24
Let p(o) = -o**2 - o + 4. Suppose 0 = -5*i - 23 - 2. Let v be 1*i*(-12)/10. Let u(k) = -1. Let r(n) = v*u(n) + 2*p(n). Give r(-3).
-10
Let g(j) be the third derivative of j**6/360 - j**5/120 - 23*j**4/24 - j**3/3 + 5*j**2 - 1. Let m(u) be the second derivative of g(u). What is m(1)?
1
Let p(n) = 446 + 53*n - 56*n - 497. Give p(-20).
9
Let x(a) be the first derivative of -a**4/4 + 10*a**3/3 + 19*a**2/2 + 12*a - 4492. Give x(11).
100
Let b(n) = n**2 + 12*n + 2. Suppose 4*t - h - 30 = -60, 6 = t + 2*h. Determine b(t).
-34
Let p(n) = -5*n - 10. Let i be p(-3). Suppose 0 = 3*o + i - 14. Let r(m) = -4*m**2 + m**2 - 2*m**2 - 8*m + 8 + m**o. What is r(6)?
-4
Let t(w) = -31*w - 31 + 17 - 9 + 103 + 3*w**2 - 13*w**2 + w**3. Determine t(12).
-4
Let o = 4483 + -4479. Let a(g) = -4*g - 6. Calculate a(o).
-22
Let p(a) = -2 + 0 + 4 - a. Let u be 2*(-6 + 60/8). Suppose -u*x = 3*b - 18, -x - 2*b = -7 - 3. Calculate p(x).
0
Let b(f) = -f**2 - 7*f - 9. Let v(l) be the third derivative of l**4/8 + 5*l**3/3 - 9*l**2. Let k be v(-2). Suppose 2*c - k*c = 14. Determine b(c).
-9
Let f(v) be the third derivative of v**5/60 + v**4/24 - 5*v**3/6 - 95*v**2. Let g(k) = -k**2 - 10*k - 13. Let o be -6 + (-1 + 7)/(-2). Let x be g(o). Give f(x).
7
Let v(f) = 7*f**2 - 18*f + 27. Let g be v(2). Let m(z) = 8*z**3 - g*z**3 - 27*z**3 - 1 + 68*z - 66*z. Give m(1).
-37
Let v(j) = -j**3 - 15*j + 43*j**2 + 24*j + 17 + 42*j**2 - 90*j**2. Calculate v(-5).
-28
Let u(t) = t**2 + 22*t + 42. Let r be u(-20). Let h = 0 + 2. Let v(l) = 9*l + 8*l**2 + 1 + 15*l**3 - 2*l - 16*l**3 - r*l**h. Calculate v(7).
1
Let b(u) = 3*u**2 - 2*u + 1. Let m(a) = -21*a**2 - 19*a - 27. Let o(x) = -6*b(x) - m(x). Give o(-9).
-15
Let x(j) = -j**3 - 15*j**2 - 11*j + 33. Let i be x(-14). Let z(g) = -5*g**2 + 2. Let h(d) = -22*d**2 - d + 7. Let u(v) = i*z(v) + 2*h(v). What is u(-3)?
11
Let y(h) = 0*h - 8*h + 5*h + 7. Let w be ((-32)/6)/((-36)/54). Calculate y(w).
-17
Let g = 18481 - 18462. Let f(d) = -d**3 + 18*d**2 + 22*d - 7. Give f(g).
50
Suppose 2 = -2*a - 4, -d + 1 = 2*a. Let y(r) = -5*r**2 - 28*r - 10 + 9*r + 10*r + r**3. What is y(d)?
25
Suppose 9*r = -4*r - 169. Let s(y) = 15*y**2 + 9*y - 4. Let d(t) = 32*t**2 + 19*t - 8. Let h(p) = r*s(p) + 6*d(p). What is h(-3)?
-14
Let s be ((-5)/(-2))/((-225)/(-90)). Let q(y) = 8*y - 12. Determine q(s).
-4
Let n(y) = -2270*y - 14*y**2 + 2260*y + 33*y**2. Calculate n(1).
9
Let q(t) = t**3 - 14*t**2 + 16*t - 38. Let x be (-11 + 2 - -10)/(1/13). Calculate q(x).
1
Let d(o) = 7*o + 101. Let x(g) = 4*g + 51. Let u(j) = 2*d(j) - 5*x(j). Let t be u(-10). Let i(r) = r**3 - 8*r**2 + 8*r. Calculate i(t).
7
Let p(j) = j**3 + 7*j**2 + j + 2. Let i = -42 - -43. Suppose 4*x + i = -79. Let n be ((-2)/6)/(x/(-420)). Determine p(n).
-5
Let i(t) be the first derivative of -1 + 4*t - 1/3*t**3 + 5/2*t**2. Let p = -2396 + 2402. Calculate i(p).
-2
Let s(n) = -n**3 + 7*n**2 + 5*n - 31. Let j be s(7). Let y(v) be the first derivative of v**3/3 - v**2 - 5*v + 35. Give y(j).
3
Let d(y) = -9*y - 148. Suppose -5*w = 4*c + 92, 3*w + 41*c = 46*c - 33. Calculate d(w).
-4
Let r(n) = n**2 - 42*n + 1. Let z(d) = -d**2 + 79*d - 38. Let y(g) = 2*r(g) + z(g). What is y(9)?
0
Let n(s) = 1 - 9*s**2 - 12 - 8*s - 248*s**3 + 177*s**3 + 70*s**3 - 3. Give n(-7).
-56
Let h(m) be the first derivative of -m**5/120 + 17*m**4/24 - 53*m**3/3 + 25. Let x(p) be the third derivative of h(p). Give x(8).
9
Let t(j) = 3*j**2 - 9*j + 8. Let a(o) = -192*o**2 - 578*o + 2. Let k be a(-3). Calculate t(k).
128
Let w(z) = z**2 - 24*z + 19. Let v be (4 + (-1100)/22)*1/(-2). What is w(v)?
-4
Let g(x) = 61*x**2 + x - 1. Let v(u) = u**3 - 9*u**2 + 11*u + 20. Let q be v(7). Give g(q).
59
Let k(d) = -2 + 2 + 638*d - 1288*d + 649*d. Let x(r) = r**2 - 6*r - 11. Let g be x(8). Let i = g - 9. What is k(i)?
4
Let j be (-1)/(-1)*9/5*5. Let p be 4/1 - (-7 + j). Suppose 0*x = -p*x + 2, 3*y + 4 = 4*x. Let h(u) = -u**3 + u**2 - u - 8. Calculate h(y).
-8
Let i = -328 - -245. Let a = 85 + i. Let l(h) = 2*h**2 - 2*h**2 - 1 - 3*h**2. Give l(a).
-13
Suppose p = -5*m + 12, -p + 5*p + 2 = 5*m. Let x(v) = -8 + v**3 - 6*v - 12*v**2 - 10*v**2 + 35*v**m - 8*v**2. Give x(-6).
-8
Suppose 0 = -4*a + 5 + 11. Suppose -g - 2*g - 14 = 2*v, -a*g - 28 = -2*v. Let u(o) = -2*o + o - 284 + o - 2*o + 290. Calculate u(g).
18
Let c(l) = 2*l**2 + 39*l - 102. Suppose -132*x - 2395 = -13*x + 223. Calculate c(x).
8
Let q(a) = a**3 + a. Suppose 0 = -4*b - 20, 2*f - 5*b - 97 = 50. Let y(n) = -3*n**2 - 4*n - 62 - 4*n**2 + f + 2*n**3. Let c(d) = 3*q(d) - y(d). What is c(-6)?
-5
Let f(q) be the third derivative of -q**6/120 + 3*q**5/20 - 13*q**4/24 + 7*q**3/6 - 974*q**2. Determine f(7).
14
Suppose -54*g + 402 = -570. Suppose -4*w - 52 = -2*a - g, -3*a = -4*w - 39. Let h(t) = -t**2 - 5*t - 1. What is h(w)?
-7
Suppose -141*y = -5*y - y + 405. Let u(t) = -t**3 - 4*t**2 - 5*t - 3. Determine u(y).
3
Let n(l) = -l**2 + 8*l - 1. Let f be n(7). Let u(d) = 5*d + 3. Let m(c) = 7*c + 3. Let h = 202 + -204. Let k(b) = h*m(b) + 3*u(b). Give k(f).
9
Suppose -9*h + 8*h = 6. Let b(y) = -y**2 + 3*y + 8. Let o(w) = -4*w**2 + 14*w + 33. Let v(j) = -9*b(j) + 2*o(j). Calculate v(h).
24
Let i(t) = -343*t - 352*t + 1 + 1041*t - 346*t - 2*t**2 - t**3. What is i(1)?
-2
Let j = -3039 - -3040. Let g(c) = -4*c**2 + c. Calculate g(j).
-3
Let h(q) = -2*q**3 - 4*q**2 - 3*q + 3. Let b be h(-2). Suppose -10*d + 61 = -b. Suppose -3*u + d*u - 8 = 0. Let a(o) = 2*o - 1. What is a(u)?
3
Let f(c) = -4 + c**2 - 2*c**2 - 46*c + 36*c - 6 - 5 - c**3. Give f(-2).
9
Let a(j) be the first derivative of 7*j**2/2 + 15*j - 882. Determine a(5).
50
Let q(o) = 159 + o + 147 - 494 + 163. Give q(10).
-15
Let f be 6/(-15)*45/18. Let u(g) = 102*g**3 + 4*g**2 - 7*g + 10. Let r(m) = 34*m**3 + m**2 - 2*m + 3. Let h(t) = -7*r(t) + 2*u(t). Give h(f).
34
Let p(i) = -12*i - 1. Let n(j) = -j**2 + 18*j - 18. Suppose 9*b - 11 - 142 = 0. Suppose -4*y = -5*y + b. Let q be n(y). Give p(q).
11
Let i(o) be the first derivative of -o**2 - 5*o - 122. Calculate i(-2).
-1
Let t(x) be the first derivative of -x**4 + x**3 + x**2 - 3*x - 7637. Determine t(1).
-2
Let d(u) = 2*u**3 - 1. Let w(t) = -5*t**3 - t**2 + t + 2. Let m(l) = 8*d(l) + 3*w(l). Let g be m(3). Let a(q) = 3*q - 3*q + q - 3. What is a(g)?
4
Suppose 72*k + 3 = 75*k. Let h be k - ((-9)/(-4) - (-9)/12). Let l(d) = 2*d**3 - d**2 - 2*d - 1. Give l(h).
-17
Let f(n) = -n + 11. Suppose 0 = 4*h - d - 417, -5*h + 519 = -0*d - 2*d. Let k be (2/(-10) - (-56)/h)*36. What is f(k)?
-1
Let b(i) be the first derivative of i**4/4 + 7*i**3/3 + 3*i**2 - 9*i - 204. Calculate b(-6).
-9
Let v(r) = -r - 17. Let n be v(-11). Let m be (84/6)/(n/(-3)). Let o(u) = -u + 7 - 10 + m. Determine o(0).
4
Let k(i) be the second derivative of -14*i**2 - 1/6*